et o(n) = -5*n**3 - 2*n**2 + 2*n + 6. Let l(c) = c**3 - c - 1. Let t(i) = 4*l(i) + o(i). List the prime factors of t(-2).
2, 3
Let k(o) = -21*o + 4*o + 23 + 16*o. List the prime factors of k(-19).
2, 3, 7
Let t = 219 + -113. List the prime factors of t.
2, 53
Let t(k) = k**3 + 16*k**2 + 12*k + 8. What are the prime factors of t(-8)?
2, 53
List the prime factors of (2/(-2) + -1)/(8/(-4084)).
1021
Let z = -176 + 188. List the prime factors of z.
2, 3
Let p = 8467 + -3788. What are the prime factors of p?
4679
Let w(x) = -9*x**2 - 25*x - 11. Let g(z) = 8*z**2 + 25*z + 12. Let q(i) = 5*g(i) + 4*w(i). List the prime factors of q(-7).
37
Let l(k) = 29*k + 169. Let f(r) = -14*r - 84. Let q(v) = 5*f(v) + 2*l(v). What are the prime factors of q(-16)?
2, 5, 11
Let j = 43 - 43. Suppose s + j*y = -3*y + 27, 5*y = 5*s - 115. List the prime factors of s.
2, 3
Suppose -3*d + 4*j + 1866 = 0, -3*j = 24*d - 25*d + 627. What are the prime factors of d?
2, 3, 103
Suppose -p = 4 - 7. Suppose 5*d + p*d = 1336. What are the prime factors of d?
167
Let v(a) = 103*a - 13*a + 10*a. Let b be v(5). List the prime factors of (4/10)/(5/b).
2, 5
Let a(j) be the second derivative of j**4/6 + 23*j**3/6 + j**2/2 + 7*j. What are the prime factors of a(-14)?
71
Let g(t) be the second derivative of t**4/4 + t**3/6 + t**2/2 - 3*t. Let q be g(-1). Suppose f = 4 + q. What are the prime factors of f?
7
Let q(l) = 4*l + 3. Let x(u) = 4*u + 3. Let p be (-1 - -3) + -3 - -4. Let c(k) = p*q(k) - 2*x(k). List the prime factors of c(6).
3
Let d = 201 + 309. What are the prime factors of d?
2, 3, 5, 17
Suppose c + 13 - 2 = 0. Let r = -299 - -336. Let g = r + c. What are the prime factors of g?
2, 13
Let t = 45 + -64. Let j = t - -45. List the prime factors of j.
2, 13
Let m = 44 - 40. Suppose -v + 5 = -2*v, m*v = 2*n - 498. List the prime factors of n.
239
Suppose -z + 13*x + 888 = 12*x, x = 1. What are the prime factors of z?
7, 127
Let w(o) = o + 2. Let j be w(6). Suppose -j*b = -0*b - 1760. List the prime factors of b.
2, 5, 11
Let o(z) = -43*z + 14. What are the prime factors of o(-6)?
2, 17
Suppose -n + c + 1974 = -1609, 3*c = 5*n - 17913. What are the prime factors of n?
2, 3, 199
Let d = 1846 + -1063. List the prime factors of d.
3, 29
Suppose 5*a = 4*c - 5, 2 = 3*c - 2*a - 7. Let i be 4/20 - (-19)/c. Suppose -1 + 2 = 3*v - s, -28 = -i*v - 4*s. What are the prime factors of v?
2
Suppose 12*s - 2389 = 4247. List the prime factors of s.
7, 79
Let k be (-770)/(-3)*(3 - 0). Suppose -3*x - k = -5*x. List the prime factors of 2/6 + x/15.
2, 13
Suppose 0 = 3*n - 1771 - 209. What are the prime factors of n?
2, 3, 5, 11
Suppose -4*i - 5093 = -4*c - 1257, -3*c + 2*i + 2882 = 0. List the prime factors of c.
2, 241
Let i = -727 + 1110. What are the prime factors of i?
383
Let h = 300 + -80. Suppose 3*w - 4*v - h = -2*w, -185 = -4*w + 5*v. What are the prime factors of w?
2, 5
Suppose -7 = 2*j - 17. Suppose -a - 152 - 182 = -j*u, 2*u + a - 128 = 0. List the prime factors of u.
2, 3, 11
Let f(t) = -2*t - 12. Let k be f(5). Let o = k + 24. What are the prime factors of 10 + (0 - o - -4)?
2, 3
Let m = 154 - 30. Let h = m + -88. List the prime factors of h.
2, 3
Let c = -519 + 210. Let x = c + 524. Suppose 2*a + 3*a = x. List the prime factors of a.
43
Let p be (-4)/(-4) + (-1 - -1). Let n be -12*2/(-4)*p. Let c(m) = m**3 - 6*m**2 + 3*m + 8. What are the prime factors of c(n)?
2, 13
Let f = -13 - -17. Suppose 0 = -f*k - 0*k + 8. Suppose t + 4 - 18 = h, k*t - 48 = -3*h. List the prime factors of t.
2, 3
Suppose -3*n + 23 - 2 = 0. Suppose n*i - 12*i + 855 = 0. What are the prime factors of i?
3, 19
Suppose -2*k = -m - 14, 3 = 3*k + 3*m - 0*m. Let w(o) = k + 12 - 12 + 3*o. What are the prime factors of w(6)?
23
Let r = -46 + 85. Let d be -1*(0 - -3 - 3). Suppose d = 5*w - 2*w - r. List the prime factors of w.
13
List the prime factors of (-8094)/(-171)*(-1 - (-179)/2).
59, 71
Let a = -516 + 1320. List the prime factors of a.
2, 3, 67
Let t(m) = m + 10. Let n be t(-5). Suppose -4*k = 13 - n. Let j = 9 + k. What are the prime factors of j?
7
Let v(s) = -s**2 + 3*s - 3. Let w(r) = -3*r**2 + 9*r - 9. Let g(q) = 8*v(q) - 3*w(q). Let z be g(4). Suppose z = i - 15. List the prime factors of i.
2, 11
Let c = 259 - 162. What are the prime factors of c?
97
Let w = 34 + -29. List the prime factors of -1*(18/45 - 727/w).
5, 29
Suppose -3*c + 0*c = -5340. What are the prime factors of c?
2, 5, 89
Let f(k) = k**3 - 3*k**2 - 16*k + 9. List the prime factors of f(10).
3, 61
Suppose 0 = 4*p + a - 1410, -3*p - a + 878 + 180 = 0. List the prime factors of p.
2, 11
Let q be 6/((-6)/2)*-43. Let d = q - -21. Let c = d - 63. List the prime factors of c.
2, 11
Let o(j) = j**2 + 3*j - 9. Let u be o(-6). Let f(s) = s**2 - 9*s + 20. Let b be f(u). Suppose -b = d - 67. What are the prime factors of d?
47
Let c be (0 - -175)*(-22)/55. Let d = 25 - c. List the prime factors of d.
5, 19
Let z(l) = 6*l**2 - 19*l - 479. List the prime factors of z(-20).
3, 13, 59
Suppose -4*z - 4 = 0, -5*j + 3*z = -6 - 7. Suppose -j*t + 223 + 47 = 0. List the prime factors of t.
3, 5
Let y(a) = 2*a**3 + 5*a**2 - 5*a - 10. What are the prime factors of y(4)?
2, 89
Let v = 55 + -24. Suppose 0 = 3*d - 167 - v. What are the prime factors of d?
2, 3, 11
Let r = 1356 - 948. Suppose r = 3*b + 15. List the prime factors of b.
131
Let z(j) = -j + 32. Let o(n) be the first derivative of -n**3/3 - 3*n**2/2 - 4. Let m be o(-3). What are the prime factors of z(m)?
2
Let d = 32 - 11. What are the prime factors of (659/(-21) + (-6)/d)*-3?
5, 19
Suppose 5*i = -l, -5*i + 8 + 7 = -2*l. List the prime factors of -324*(l + 27/6).
2, 3
Suppose 11*l - 17692 = -48. What are the prime factors of l?
2, 401
List the prime factors of (8/3 + -6)*-279.
2, 3, 5, 31
Let a(p) = -4*p**3 + 2*p**2 - 27*p - 57. What are the prime factors of a(-5)?
2, 157
Let b(u) = -2*u**3 - 6*u**2 - 3*u - 4. Let z be b(-3). Suppose 4*r - z*o - 124 = -o, 0 = -3*o + 6. List the prime factors of r.
3, 11
Let k(c) = -c**3 + 9*c**2 + 19*c - 2. Let w be k(8). What are the prime factors of w/((2/(-3))/(10/(-30)))?
107
Suppose 5*f + 3*i - 33 = 9, 4*f = -4*i + 32. Suppose p + 3 = f. Let h = 5 + p. What are the prime factors of h?
11
Suppose 0 = -4*j + 20, 2*l = -2*l - 3*j + 55. Suppose 0*k = -l*k + 840. What are the prime factors of k?
2, 3, 7
Let b = -9 - -12. Suppose 0 = b*u + 2*u. Suppose -a + 2 = -4*m, 12 = 4*m - u. List the prime factors of a.
2, 7
Suppose -9*o + 5566 = -10202. Suppose o = 36*v - 28*v. What are the prime factors of v?
3, 73
Let x(b) = -63*b + 780. List the prime factors of x(-25).
3, 5, 157
What are the prime factors of (-174)/(-6 + 9/2)?
2, 29
What are the prime factors of (-98679)/(-24) - 9*7/(-168)?
2, 257
Let k = -4 - 0. List the prime factors of (33 - -1)*k/(6/(-3)).
2, 17
Let m(b) be the second derivative of b**5/20 + 7*b**4/6 - 8*b**3/3 - 9*b**2/2 + 53*b. What are the prime factors of m(-15)?
2, 3
Let w(o) = o**2 + o + 25. Let v be w(0). Let f be v - 0/(12/4). Suppose 0 = 2*u - 3*j - f, -3*u + 18 + 17 = -4*j. List the prime factors of u.
5
Suppose -4*z + z + 12 = 0, -2*z = 3*l + 544. Let q = 239 + -241. List the prime factors of l/(-16) - 3/q.
13
Suppose -4*q + 12*q - 1152 = 0. Suppose 4*k - m = -k + q, -5*m + 92 = 4*k. List the prime factors of k.
2, 7
Suppose -2*p - 6 = 24. Let c = 29 - p. List the prime factors of c.
2, 11
Suppose 0 = -4*q - 28 + 40. Suppose 4*y + 831 = 3*b, -b - q*y + 229 + 61 = 0. What are the prime factors of b?
281
Suppose 4 = v - 2*v, 3*r = 5*v + 29. Let s be (3 + -8 + r)*-2. Suppose 3*j + 115 = s*w, -w + 4*j + 28 = -4. What are the prime factors of w?
2, 7
Let k(c) = -c**3 - c**2 - 3*c + 8. Let n be -1*(-1 + 0) + -5. List the prime factors of k(n).
2, 17
Suppose 0 = o - 5*q + 20 - 218, 824 = 4*o - 4*q. Suppose 12 + 0 = 3*a. Suppose 4*y = -2*w + 166, y = -a*y - 3*w + o. What are the prime factors of y?
41
Suppose -o - 5*p = 14, 2*o + p + 11 = 1. Let c be (o/5)/(4/(-10)). Suppose c*f - 37 = -f - v, -v = -f + 19. List the prime factors of f.
2, 7
Let p(x) = -243*x + 412. List the prime factors of p(-6).
2, 5, 11, 17
Suppose 33*a - 29*a = 17120. List the prime factors of a.
2, 5, 107
Suppose -12*j = -5790 + 510. List the prime factors of j.
2, 5, 11
Suppose 